ose -2 = l, -7*x - 4*l + 112 = -3*x. Let k = x - 11. What are the prime factors of k?
19
Suppose -5*a + 372 - 17 = 0. What are the prime factors of a?
71
Let a be 3/(0 + 3/30). Suppose -117 = -5*x + 3. Suppose 5*q + a = 5*b, -q + 10 = 4*b - x. List the prime factors of b.
2
List the prime factors of ((-12)/9*3)/((-6)/45).
2, 3, 5
Suppose 0 = -0*i + 3*i. Suppose i = -0*l - 5*l + 10. Suppose l*d - 9 = -z, -d - 4*z + 15 = -7*z. List the prime factors of d.
2, 3
Suppose 2*u = 34 + 6. List the prime factors of u.
2, 5
Suppose 2*f = -3*t + 515, 3*t - 2*f = 49 + 474. What are the prime factors of t?
173
Let b(p) = p**2 - 5*p + 2. Let h be b(6). Suppose 5*d + 55 = -0*x + 5*x, 2*x - h = -5*d. What are the prime factors of x?
3
Suppose -5*x + 118 = -3*x + 4*i, -4*x - i = -222. List the prime factors of x.
5, 11
Let b(h) = h**2 - 12*h + 15. Let s be b(10). Let z(f) = f**2 + 3*f - 7. Let k be z(s). Suppose 28 = 5*x + 4*d, -2*x = k*d - d - 10. List the prime factors of x.
2
Suppose -196 = -5*s - 0*k + 2*k, 0 = 5*s - 3*k - 199. Let c = -25 + s. What are the prime factors of c?
13
Let l(z) = -2*z**3 - 4*z**2 + 2*z - 2. Let r be l(-4). List the prime factors of r/(6/2) - 0.
2, 3
List the prime factors of (20/30)/(2/111).
37
Let z(t) = 7*t**2 + 4*t - 5. Let d(b) = 6*b**2 + 3*b - 4. Let w(m) = 4*d(m) - 3*z(m). Let r(x) = x - 2. Let l be r(3). What are the prime factors of w(l)?
2
Let y(r) = -r - 6. Let b be y(-8). Suppose 2*n + 5*p = -8 + b, 3*n + p = 4. What are the prime factors of 8 - (-1 + n + -1)?
2
Let v(p) = 6*p + 3 + 2*p - 3*p + p. Let g be v(-2). Let y = g - -18. List the prime factors of y.
3
Let o = 8 - 5. Suppose 8*x = o*x + 65. List the prime factors of x.
13
Suppose -b + 2*b - 7 = -5*x, -3*x = -4*b + 5. Let c(i) = -b*i - 5*i + 0*i. What are the prime factors of c(-1)?
7
Let k(v) = v**3 - 5*v**2 - 5*v - 1. Let l be k(6). Let x be (-3)/(1/(-1 - l)). Suppose 3*z - x = 3. List the prime factors of z.
7
Let n be (-2)/(-9) + (-868)/18. Let f be 9/(-15) + n/(-5). Suppose -f*r + 10 = -4*r. List the prime factors of r.
2
Let h(y) = y**3 - 7*y**2 + 11*y - 8. List the prime factors of h(7).
3, 23
Let v be ((-6)/4)/(3/18). Let x = -5 - v. What are the prime factors of x?
2
Suppose -21*y = -22*y - 14. Let b = 26 + y. List the prime factors of b.
2, 3
Let b(t) = 4*t - 12. What are the prime factors of b(6)?
2, 3
Let w(v) = 5*v**2 - 10*v + 7. Let o(b) = -b**2 + b - 1. Let t(y) = -4*o(y) - w(y). Let x be t(4). Let q = x - -3. List the prime factors of q.
2
Suppose 8*h = 709 + 699. List the prime factors of h.
2, 11
Suppose 5*b - o - 1265 = -0*o, 506 = 2*b + 4*o. List the prime factors of b.
11, 23
Let f(x) be the second derivative of -x**3/2 + 2*x. Let u(z) = -z. Let a(v) = -2*f(v) + 9*u(v). List the prime factors of a(-3).
3
Let p(l) be the first derivative of -l - 1 + 3*l**3 - 7/2*l**2 - 1/4*l**4. List the prime factors of p(8).
7
Suppose 4*q - 125 = w, -q + w = 2*q - 95. List the prime factors of q.
2, 3, 5
Let k(h) be the second derivative of h**6/360 + h**5/120 - h**3/6 + h. Let q(m) be the second derivative of k(m). List the prime factors of q(-4).
2, 3
Suppose 5*j = 546 + 29. List the prime factors of j.
5, 23
Suppose 3*h = 3 - 15. Let k be h*(-3 - 0 - -1). Let c = k - 4. List the prime factors of c.
2
Suppose -5*j + 7 - 2 = 0. Let y(i) = 4*i**2 - i + 1. What are the prime factors of y(j)?
2
Let p(g) = -g + 3. List the prime factors of p(0).
3
Suppose 0 = -d - 2*n + 1, 23 = 6*d - 3*d + n. Suppose -1 - d = -5*i. List the prime factors of i.
2
Suppose -2*r - 323 = -3*r. What are the prime factors of r?
17, 19
Suppose -5*n - 4*m + 22 = 0, -5*n + 7 = -0*m - m. Suppose 0 = -2*d + 2*a + 8, -a + n*a + 2 = 0. List the prime factors of d.
2
Let k = 30 - -40. List the prime factors of k.
2, 5, 7
Suppose -z = 3*h - 16, -4*z - 5*h = -3 - 47. List the prime factors of z.
2, 5
Let h = -269 - -418. List the prime factors of h.
149
Suppose -4*j - 2*g = 3*g - 1232, -12 = 3*g. What are the prime factors of j?
313
Let x(t) = 5*t**2 + 2*t - 2. Let l be x(2). Suppose 5*w = -3*o - 18, w = o + 3*o - l. Let p = w - -15. List the prime factors of p.
3
Suppose -5*o - 5*l + 255 = -85, -15 = -5*l. Let a = -260 + o. What are the prime factors of (-4)/14 + a/(-21)?
3
Let b be (24/9 - 1)*9. List the prime factors of (-9)/(-15) - (-66)/b.
5
Let i(g) = 3*g. Let v be i(-3). Let y(l) = l**3 + 8*l**2 - 8*l + 12. Let d be y(v). Suppose 0*o + 21 = d*o. List the prime factors of o.
7
Let h(s) = s - 10. Let p be h(12). Suppose 0 = p*c + 3*c. Suppose c = 3*j + j - 20. What are the prime factors of j?
5
Let i be 3/(-2)*56/(-6). List the prime factors of (i/(-6))/((-5)/45).
3, 7
Let h = 4 - -140. What are the prime factors of h?
2, 3
Let a(q) = 57*q + 5. List the prime factors of a(1).
2, 31
Let d = 224 + -126. What are the prime factors of d?
2, 7
Suppose -2*y + 68 = -28. Let r = y + -29. List the prime factors of r.
19
Suppose -4*g - 446 = -8*g - 2*r, -5*g + r = -568. What are the prime factors of g?
113
List the prime factors of (1 - 0)/(298/(-150) - -2).
3, 5
Suppose -w + 320 = 4*w. Suppose 3*b = -2*b + 20, 4*r - w = -b. List the prime factors of r.
3, 5
Let d(z) = z**3 + 10*z**2 - 3. Let q be d(-10). What are the prime factors of 76/q*6/(-4)?
2, 19
Suppose -5*a + 2*m + 548 = -181, -6 = -2*m. List the prime factors of a.
3, 7
Let b(g) = 4*g + 226. What are the prime factors of b(0)?
2, 113
Let p be 6/(-39) - 4/(-26). Let f = p + 5. List the prime factors of f.
5
Suppose 0 = 3*a - 2*k - 3, 3*a + 3*k = -a + 4. List the prime factors of ((-2)/(-4))/(a/38).
19
Suppose -5*a - 5*y = 13 + 12, -15 = -2*a + 3*y. Suppose -3*b + 6*b - 27 = a. List the prime factors of b.
3
Let r(s) be the second derivative of -s**3/2 + 3*s**2/2 + 3*s. What are the prime factors of r(-4)?
3, 5
Let i(g) = g**3 - g**2 - 3*g - 1. Let c be i(3). Let h(t) = 2*t - 1. List the prime factors of h(c).
3, 5
Let i = 407 - 148. List the prime factors of i.
7, 37
Let y be 0 - 0 - (0 - 2). Let x(a) be the third derivative of a**5/15 - a**4/12 - a**3/6 - a**2. List the prime factors of x(y).
11
Suppose 2*s = 2*f - 0*s - 82, -2*f = s - 76. Let m = -13 + f. What are the prime factors of m?
2, 13
Let a(h) = 9*h**3 - 2*h + 1. Let r be a(1). Suppose -o + r - 4 = 0. Let t = o - -15. List the prime factors of t.
19
Suppose -167*a + 168*a = 295. List the prime factors of a.
5, 59
Let l(o) = -6*o - 8. List the prime factors of l(-3).
2, 5
Suppose -2*m - 1 = r - 0*r, -7 = 4*r + 5*m. What are the prime factors of (-408)/(-18) + (-1)/r?
23
What are the prime factors of 2/(-4) - 1960/(-16)?
2, 61
Let q = -61 - -108. Suppose 3*k - q = 16. What are the prime factors of k?
3, 7
Suppose 0 = -2*a + 2 + 70. Let r = a + -19. What are the prime factors of r?
17
Suppose -393 = -7*h + 776. What are the prime factors of h?
167
Suppose 0 = 2*v - 4*i + 8, 5*v - 4*i + 8 = 0. Suppose -4*y = -2*g + g - 6, v = -5*g - 4*y - 6. List the prime factors of 5 - (g/(-1))/1.
3
Suppose 5*a + 83 = 318. What are the prime factors of a?
47
Let y(u) be the third derivative of u**4/24 + 2*u**3/3 - 2*u**2. List the prime factors of y(3).
7
List the prime factors of ((-3)/12)/(2/(-56)).
7
Let q(x) = -x**3 + 5*x**2 - 5*x - 2. Let a be q(4). Let c(h) = -h**3 - 5*h**2 + 6*h + 9. List the prime factors of c(a).
3
Let t = -6 + 9. What are the prime factors of (2/t)/(4/18)?
3
Let x = 12 + -7. Suppose 6*v - 3*v = x*r + 5, 0 = -3*v + 3*r + 9. Suppose -2*p - 29 = -3*q, -5*p - v = -q - 17. List the prime factors of q.
13
Suppose 5*g - 2*u = 21, -g - 2*u = g. Suppose 5*j = q + 31, 4*q - 9*q = -g*j + 23. List the prime factors of j.
2, 3
Suppose 3*v = -4*w - 0*w + 11, 5*v + 4*w = 21. Suppose -f - 3 = a, -2*f = a - 3 + v. Suppose 5*x + 5*y - 5 = 0, f = -y - 0. List the prime factors of x.
2
Let d(t) = -t**3 + 6*t**2 - 5. List the prime factors of d(5).
2, 5
Suppose 382 + 21 = 3*h + 2*q, 0 = 3*h + 5*q - 409. What are the prime factors of h?
7, 19
Suppose 0 = o + o. Let m be 1/(2/26) + o. What are the prime factors of m + (-2)/2*3?
2, 5
Let v(h) = -3*h - 11. Let l(z) = -7*z - 23. Let n(x) = 2*l(x) - 5*v(x). Suppose 5*k + 4 = d, 5*k + 2*d - 8 = 3*k. What are the prime factors of n(k)?
3
Let a = -102 + 71. Let l = 45 + a. What are the prime factors of l?
2, 7
Suppose 0*m - 2*u = 4*m - 288, 4*m 